{"id":133,"date":"2019-08-23T16:17:35","date_gmt":"2019-08-23T16:17:35","guid":{"rendered":"https:\/\/less.org.rs\/?page_id=133"},"modified":"2019-08-30T11:52:00","modified_gmt":"2019-08-30T11:52:00","slug":"kontakt","status":"publish","type":"page","link":"https:\/\/less.org.rs\/index.php\/kontakt\/","title":{"rendered":"Kontakt"},"content":{"rendered":"\t\t<div data-elementor-type=\"wp-post\" data-elementor-id=\"133\" class=\"elementor elementor-133\">\n\t\t\t\t\t\t<section class=\"elementor-section elementor-top-section elementor-element elementor-element-cbd5ded elementor-section-full_width elementor-section-height-default elementor-section-height-default\" data-id=\"cbd5ded\" data-element_type=\"section\" data-e-type=\"section\">\n\t\t\t\t\t\t<div class=\"elementor-container elementor-column-gap-default\">\n\t\t\t\t\t<div class=\"elementor-column elementor-col-66 elementor-top-column elementor-element elementor-element-e6b6a7b\" data-id=\"e6b6a7b\" data-element_type=\"column\" data-e-type=\"column\">\n\t\t\t<div class=\"elementor-widget-wrap elementor-element-populated\">\n\t\t\t\t\t\t<div class=\"elementor-element elementor-element-649dcdf9 elementor-widget elementor-widget-heading\" data-id=\"649dcdf9\" data-element_type=\"widget\" data-e-type=\"widget\" data-widget_type=\"heading.default\">\n\t\t\t\t<div class=\"elementor-widget-container\">\n\t\t\t\t\t<h6 class=\"elementor-heading-title elementor-size-default\">Kontakt<\/h6>\t\t\t\t<\/div>\n\t\t\t\t<\/div>\n\t\t\t\t<div class=\"elementor-element elementor-element-1e32b94e elementor-widget elementor-widget-heading\" data-id=\"1e32b94e\" data-element_type=\"widget\" data-e-type=\"widget\" data-widget_type=\"heading.default\">\n\t\t\t\t<div class=\"elementor-widget-container\">\n\t\t\t\t\t<h6 class=\"elementor-heading-title elementor-size-default\">+381 63 466 431<\/h6>\t\t\t\t<\/div>\n\t\t\t\t<\/div>\n\t\t\t\t<div class=\"elementor-element elementor-element-56155690 elementor-widget elementor-widget-heading\" data-id=\"56155690\" data-element_type=\"widget\" data-e-type=\"widget\" data-widget_type=\"heading.default\">\n\t\t\t\t<div class=\"elementor-widget-container\">\n\t\t\t\t\t<h3 class=\"elementor-heading-title elementor-size-default\">Pana \u0110uki\u0107a 18, 16000 Leskovac<\/h3>\t\t\t\t<\/div>\n\t\t\t\t<\/div>\n\t\t\t\t<div class=\"elementor-element elementor-element-5ebb9fc elementor-widget elementor-widget-heading\" data-id=\"5ebb9fc\" data-element_type=\"widget\" data-e-type=\"widget\" data-widget_type=\"heading.default\">\n\t\t\t\t<div class=\"elementor-widget-container\">\n\t\t\t\t\t<h3 class=\"elementor-heading-title elementor-size-default\"><a href=\"mailto:leskovackisavezsportova.016@gmail.com\">Email: leskovackisavezsportova.016@gmail.com\n<\/a><\/h3>\t\t\t\t<\/div>\n\t\t\t\t<\/div>\n\t\t\t\t<div class=\"elementor-element elementor-element-6f8de762 elementor-widget elementor-widget-google_maps\" data-id=\"6f8de762\" data-element_type=\"widget\" data-e-type=\"widget\" data-widget_type=\"google_maps.default\">\n\t\t\t\t<div class=\"elementor-widget-container\">\n\t\t\t\t\t\t\t<div class=\"elementor-custom-embed\">\n\t\t\t<iframe loading=\"lazy\"\n\t\t\t\t\tsrc=\"https:\/\/maps.google.com\/maps?q=Pana%20%C4%90uki%C4%87a%2018%2C%2016000%20Leskovac%E2%80%8B&#038;t=m&#038;z=18&#038;output=embed&#038;iwloc=near\"\n\t\t\t\t\ttitle=\"Pana \u0110uki\u0107a 18, 16000 Leskovac\u200b\"\n\t\t\t\t\taria-label=\"Pana \u0110uki\u0107a 18, 16000 Leskovac\u200b\"\n\t\t\t><\/iframe>\n\t\t<\/div>\n\t\t\t\t\t\t<\/div>\n\t\t\t\t<\/div>\n\t\t\t\t<div class=\"elementor-element elementor-element-509a670 elementor-shape-rounded elementor-grid-0 e-grid-align-center elementor-widget elementor-widget-social-icons\" data-id=\"509a670\" data-element_type=\"widget\" data-e-type=\"widget\" data-widget_type=\"social-icons.default\">\n\t\t\t\t<div class=\"elementor-widget-container\">\n\t\t\t\t\t\t\t<div class=\"elementor-social-icons-wrapper elementor-grid\" role=\"list\">\n\t\t\t\t\t\t\t<span class=\"elementor-grid-item\" role=\"listitem\">\n\t\t\t\t\t<a class=\"elementor-icon elementor-social-icon elementor-social-icon-facebook-f elementor-animation-grow elementor-repeater-item-9c86cde\" target=\"_blank\">\n\t\t\t\t\t\t<span class=\"elementor-screen-only\">Facebook-f<\/span>\n\t\t\t\t\t\t<i aria-hidden=\"true\" class=\"fab fa-facebook-f\"><\/i>\t\t\t\t\t<\/a>\n\t\t\t\t<\/span>\n\t\t\t\t\t\t\t<span class=\"elementor-grid-item\" role=\"listitem\">\n\t\t\t\t\t<a class=\"elementor-icon elementor-social-icon elementor-social-icon-twitter elementor-animation-grow elementor-repeater-item-7f0e5c7\" target=\"_blank\">\n\t\t\t\t\t\t<span class=\"elementor-screen-only\">Twitter<\/span>\n\t\t\t\t\t\t<i aria-hidden=\"true\" class=\"fab fa-twitter\"><\/i>\t\t\t\t\t<\/a>\n\t\t\t\t<\/span>\n\t\t\t\t\t\t\t<span class=\"elementor-grid-item\" role=\"listitem\">\n\t\t\t\t\t<a class=\"elementor-icon elementor-social-icon elementor-social-icon-instagram elementor-animation-grow elementor-repeater-item-7b9d1bc\" target=\"_blank\">\n\t\t\t\t\t\t<span class=\"elementor-screen-only\">Instagram<\/span>\n\t\t\t\t\t\t<i aria-hidden=\"true\" class=\"fab fa-instagram\"><\/i>\t\t\t\t\t<\/a>\n\t\t\t\t<\/span>\n\t\t\t\t\t\t\t<span class=\"elementor-grid-item\" role=\"listitem\">\n\t\t\t\t\t<a class=\"elementor-icon elementor-social-icon elementor-social-icon-youtube elementor-animation-grow elementor-repeater-item-1cfae18\" target=\"_blank\">\n\t\t\t\t\t\t<span class=\"elementor-screen-only\">Youtube<\/span>\n\t\t\t\t\t\t<i aria-hidden=\"true\" class=\"fab fa-youtube\"><\/i>\t\t\t\t\t<\/a>\n\t\t\t\t<\/span>\n\t\t\t\t\t<\/div>\n\t\t\t\t\t\t<\/div>\n\t\t\t\t<\/div>\n\t\t\t\t\t<\/div>\n\t\t<\/div>\n\t\t\t\t<div class=\"elementor-column elementor-col-33 elementor-top-column elementor-element elementor-element-bfb3b2d\" data-id=\"bfb3b2d\" data-element_type=\"column\" data-e-type=\"column\">\n\t\t\t<div class=\"elementor-widget-wrap elementor-element-populated\">\n\t\t\t\t\t\t<div class=\"elementor-element elementor-element-4c33125 elementor-widget elementor-widget-sidebar\" data-id=\"4c33125\" data-element_type=\"widget\" data-e-type=\"widget\" data-widget_type=\"sidebar.default\">\n\t\t\t\t<div class=\"elementor-widget-container\">\n\t\t\t\t\t<aside id=\"search-2\" class=\"widget widget_search\"><form action=\"https:\/\/less.org.rs\/\" method=\"get\" class=\"searchform\" role=\"search\">\n\t<div>\n\t\t<label for=\"s\" class=\"screen-reader-text\">Search for:<\/label>\n\t\t<input type=\"search\" id=\"s\" name=\"s\" value=\"\" placeholder=\"Search\">\n\t\t<button class=\"searchsubmit\" type=\"submit\"><i class=\"fa fa-search\"><\/i><span class=\"screen-reader-text\"> Search<\/span><\/button>\n\t<\/div>\n<\/form>\n<\/aside>\n\t\t<aside id=\"recent-posts-2\" class=\"widget widget_recent_entries\">\n\t\t<h3 class=\"widget-title\">Najnovije<\/h3>\n\t\t<ul>\n\t\t\t\t\t\t\t\t\t\t\t<li>\n\t\t\t\t\t<a href=\"https:\/\/less.org.rs\/index.php\/2022\/12\/07\/medunarodni-sahovski-turnir-slepih-u-leskovcu\/\">Me\u0111unarodni \u0161ahovski turnir slepih u Leskovcu<\/a>\n\t\t\t\t\t\t\t\t\t<\/li>\n\t\t\t\t\t\t\t\t\t\t\t<li>\n\t\t\t\t\t<a href=\"https:\/\/less.org.rs\/index.php\/2022\/12\/06\/pk-leskovac-pavle-joic-osvojio-tri-medalje-na-prvenstvu-u-novom-sadu-eleni-petrovic-tri-medalje-iz-skopja\/\">PK Leskovac: Pavle Joi\u0107 osvojio tri medalje na prvenstvu u Novom Sadu, Eleni Petrovi\u0107 tri medalje iz Skopja<\/a>\n\t\t\t\t\t\t\t\t\t<\/li>\n\t\t\t\t\t\t\t\t\t\t\t<li>\n\t\t\t\t\t<a href=\"https:\/\/less.org.rs\/index.php\/2022\/12\/06\/plivaci-dubocice-osvojili-38-medalja-na-drzavnom-prvenstvu\/\">Pliva\u010di Dubo\u010dice osvojili 38 medalja na dr\u017eavnom prvenstvu<\/a>\n\t\t\t\t\t\t\t\t\t<\/li>\n\t\t\t\t\t\t\t\t\t\t\t<li>\n\t\t\t\t\t<a href=\"https:\/\/less.org.rs\/index.php\/2022\/12\/05\/dubocicanadigrala-vojvodinu-odbojkasi-u-sve-boljoj-formi\/\">\u201cDubo\u010dica\u201cnadigrala \u201cVojvodinu\u201c: Odbojka\u0161i u sve boljoj formi<\/a>\n\t\t\t\t\t\t\t\t\t<\/li>\n\t\t\t\t\t\t\t\t\t\t\t<li>\n\t\t\t\t\t<a href=\"https:\/\/less.org.rs\/index.php\/2022\/12\/03\/leskovcanke-se-vratile-u-pobednicki-ritam-maksimalno-protiv-kvalitetnog-beograda\/\">Leskov\u010danke se vratile u pobedni\u010dki ritam: Maksimalno protiv kvalitetnog \u201cBeograda\u201c<\/a>\n\t\t\t\t\t\t\t\t\t<\/li>\n\t\t\t\t\t\t\t\t\t\t\t<li>\n\t\t\t\t\t<a href=\"https:\/\/less.org.rs\/index.php\/2022\/12\/03\/praznik-macevalackog-sporta-u-leskovcu-uz-ucesce-oko-200-takmicara-iz-srbije-i-regiona\/\">Praznik ma\u010devala\u010dkog sporta u Leskovcu, uz u\u010de\u0161\u0107e oko 200 takmi\u010dara iz Srbije i regiona<\/a>\n\t\t\t\t\t\t\t\t\t<\/li>\n\t\t\t\t\t\t\t\t\t\t\t<li>\n\t\t\t\t\t<a href=\"https:\/\/less.org.rs\/index.php\/2022\/12\/02\/leskovacki-kosarkasi-porazeni-posle-vodstva-sa-15-poena-razlike\/\">Leskova\u010dki ko\u0161arka\u0161i pora\u017eeni posle vo\u0111stva sa 15 poena razlike<\/a>\n\t\t\t\t\t\t\t\t\t<\/li>\n\t\t\t\t\t\t\t\t\t\t\t<li>\n\t\t\t\t\t<a href=\"https:\/\/less.org.rs\/index.php\/2022\/12\/01\/kros-rts-veliko-priznanje-zlatno-znamenje-za-gradonacelnika-leskovca\/\">KROS RTS: Veliko priznanje &#8211; Zlatno znamenje za gradona\u010delnika Leskovca<\/a>\n\t\t\t\t\t\t\t\t\t<\/li>\n\t\t\t\t\t\t\t\t\t\t\t<li>\n\t\t\t\t\t<a href=\"https:\/\/less.org.rs\/index.php\/2022\/12\/01\/rok-za-predaju-predloga-za-sportsku-nagradu-leskovca-za-2022-do-ponedeljka-12-decembra\/\">Rok za predaju predloga za SPORTSKU NAGRADU LESKOVCA ZA 2022. do ponedeljka 12. decembra<\/a>\n\t\t\t\t\t\t\t\t\t<\/li>\n\t\t\t\t\t\t\t\t\t\t\t<li>\n\t\t\t\t\t<a href=\"https:\/\/less.org.rs\/index.php\/2022\/11\/30\/odbojkaska-nedelja-za-zaborav-devojke-porazene-od-fenjerasa-momci-doziveli-dva-poraza-u-cetiri-dana\/\">Odbojka\u0161ka nedelja za zaborav: Devojke pora\u017eene od \u201cfenjera\u0161a\u201c, momci do\u017eiveli dva poraza u \u010detiri dana<\/a>\n\t\t\t\t\t\t\t\t\t<\/li>\n\t\t\t\t\t<\/ul>\n\n\t\t<\/aside><aside id=\"media_image-4\" class=\"widget widget_media_image\"><h3 class=\"widget-title\">Grad Leskovac<\/h3><a href=\"http:\/\/gradleskovac.org\/\"><img fetchpriority=\"high\" decoding=\"async\" width=\"300\" height=\"290\" src=\"https:\/\/less.org.rs\/wp-content\/uploads\/2019\/08\/grad-leskovac-300x290.png\" class=\"image wp-image-147  attachment-medium size-medium\" alt=\"\" style=\"max-width: 100%; height: auto;\" srcset=\"https:\/\/less.org.rs\/wp-content\/uploads\/2019\/08\/grad-leskovac-300x290.png 300w, https:\/\/less.org.rs\/wp-content\/uploads\/2019\/08\/grad-leskovac-83x80.png 83w, https:\/\/less.org.rs\/wp-content\/uploads\/2019\/08\/grad-leskovac.png 550w\" sizes=\"(max-width: 300px) 100vw, 300px\" \/><\/a><\/aside><aside id=\"media_image-2\" class=\"widget widget_media_image\"><h3 class=\"widget-title\">Sportski Savez Srbije<\/h3><a href=\"http:\/\/https:\/\/sportskisavezsrbije.rs\/\"><img decoding=\"async\" width=\"300\" height=\"134\" src=\"https:\/\/less.org.rs\/wp-content\/uploads\/2019\/08\/SPORTSKI-SAVEZ-SRBIJE-LOGO-300x134.jpg\" class=\"image wp-image-132  attachment-medium size-medium\" alt=\"\" style=\"max-width: 100%; height: auto;\" srcset=\"https:\/\/less.org.rs\/wp-content\/uploads\/2019\/08\/SPORTSKI-SAVEZ-SRBIJE-LOGO-300x134.jpg 300w, https:\/\/less.org.rs\/wp-content\/uploads\/2019\/08\/SPORTSKI-SAVEZ-SRBIJE-LOGO-180x80.jpg 180w, https:\/\/less.org.rs\/wp-content\/uploads\/2019\/08\/SPORTSKI-SAVEZ-SRBIJE-LOGO-396x178.jpg 396w, https:\/\/less.org.rs\/wp-content\/uploads\/2019\/08\/SPORTSKI-SAVEZ-SRBIJE-LOGO.jpg 400w\" sizes=\"(max-width: 300px) 100vw, 300px\" \/><\/a><\/aside><aside id=\"media_image-3\" class=\"widget widget_media_image\"><h3 class=\"widget-title\">Ministarstvo omladine i sporta<\/h3><a href=\"https:\/\/www.mos.gov.rs\/\"><img decoding=\"async\" width=\"259\" height=\"138\" src=\"https:\/\/less.org.rs\/wp-content\/uploads\/2019\/08\/logo.jpg\" class=\"image wp-image-146  attachment-full size-full\" alt=\"\" style=\"max-width: 100%; height: auto;\" srcset=\"https:\/\/less.org.rs\/wp-content\/uploads\/2019\/08\/logo.jpg 259w, https:\/\/less.org.rs\/wp-content\/uploads\/2019\/08\/logo-150x80.jpg 150w\" sizes=\"(max-width: 259px) 100vw, 259px\" \/><\/a><\/aside><aside id=\"categories-2\" class=\"widget widget_categories\"><h3 class=\"widget-title\">Kategorije<\/h3>\n\t\t\t<ul>\n\t\t\t\t\t<li class=\"cat-item cat-item-1\"><a href=\"https:\/\/less.org.rs\/index.php\/category\/clanovi\/\">\u010clanovi<\/a>\n<\/li>\n\t<li class=\"cat-item cat-item-3\"><a href=\"https:\/\/less.org.rs\/index.php\/category\/vesti\/\">Vesti<\/a>\n<\/li>\n\t\t\t<\/ul>\n\n\t\t\t<\/aside>\t\t\t\t<\/div>\n\t\t\t\t<\/div>\n\t\t\t\t\t<\/div>\n\t\t<\/div>\n\t\t\t\t\t<\/div>\n\t\t<\/section>\n\t\t\t\t<\/div>\n\t\t","protected":false},"excerpt":{"rendered":"<p>Kontakt +381 63 466 431 Pana \u0110uki\u0107a 18, 16000 Leskovac Email: leskovackisavezsportova.016@gmail.com Facebook-f Twitter Instagram Youtube<\/p>\n","protected":false},"author":1,"featured_media":0,"parent":0,"menu_order":0,"comment_status":"closed","ping_status":"closed","template":"templates\/builder-contained.php","meta":{"footnotes":""},"class_list":["post-133","page","type-page","status-publish","hentry"],"_links":{"self":[{"href":"https:\/\/less.org.rs\/index.php\/wp-json\/wp\/v2\/pages\/133","targetHints":{"allow":["GET"]}}],"collection":[{"href":"https:\/\/less.org.rs\/index.php\/wp-json\/wp\/v2\/pages"}],"about":[{"href":"https:\/\/less.org.rs\/index.php\/wp-json\/wp\/v2\/types\/page"}],"author":[{"embeddable":true,"href":"https:\/\/less.org.rs\/index.php\/wp-json\/wp\/v2\/users\/1"}],"replies":[{"embeddable":true,"href":"https:\/\/less.org.rs\/index.php\/wp-json\/wp\/v2\/comments?post=133"}],"version-history":[{"count":11,"href":"https:\/\/less.org.rs\/index.php\/wp-json\/wp\/v2\/pages\/133\/revisions"}],"predecessor-version":[{"id":159,"href":"https:\/\/less.org.rs\/index.php\/wp-json\/wp\/v2\/pages\/133\/revisions\/159"}],"wp:attachment":[{"href":"https:\/\/less.org.rs\/index.php\/wp-json\/wp\/v2\/media?parent=133"}],"curies":[{"name":"wp","href":"https:\/\/api.w.org\/{rel}","templated":true}]}}