{"id":148,"date":"2019-08-30T09:23:40","date_gmt":"2019-08-30T09:23:40","guid":{"rendered":"https:\/\/less.org.rs\/?page_id=148"},"modified":"2019-09-24T13:11:15","modified_gmt":"2019-09-24T13:11:15","slug":"o-nama","status":"publish","type":"page","link":"https:\/\/less.org.rs\/index.php\/o-nama\/","title":{"rendered":"O nama"},"content":{"rendered":"\t\t<div data-elementor-type=\"wp-post\" data-elementor-id=\"148\" class=\"elementor elementor-148\">\n\t\t\t\t\t\t<section class=\"elementor-section elementor-top-section elementor-element elementor-element-46848a0 elementor-section-full_width elementor-section-height-default elementor-section-height-default\" data-id=\"46848a0\" data-element_type=\"section\" data-e-type=\"section\">\n\t\t\t\t\t\t<div class=\"elementor-container elementor-column-gap-default\">\n\t\t\t\t\t<div class=\"elementor-column elementor-col-66 elementor-top-column elementor-element elementor-element-3587f1d\" data-id=\"3587f1d\" data-element_type=\"column\" data-e-type=\"column\">\n\t\t\t<div class=\"elementor-widget-wrap elementor-element-populated\">\n\t\t\t\t\t\t<div class=\"elementor-element elementor-element-efc6997 elementor-widget elementor-widget-heading\" data-id=\"efc6997\" data-element_type=\"widget\" data-e-type=\"widget\" data-settings=\"{&quot;_animation_mobile&quot;:&quot;none&quot;}\" data-widget_type=\"heading.default\">\n\t\t\t\t<div class=\"elementor-widget-container\">\n\t\t\t\t\t<h3 class=\"elementor-heading-title elementor-size-default\">Upravni odbor Leskova\u010dkog saveza sportova:<\/h3>\t\t\t\t<\/div>\n\t\t\t\t<\/div>\n\t\t\t\t<div class=\"elementor-element elementor-element-bad2deb elementor-icon-list--layout-traditional elementor-list-item-link-full_width elementor-widget elementor-widget-icon-list\" data-id=\"bad2deb\" data-element_type=\"widget\" data-e-type=\"widget\" data-widget_type=\"icon-list.default\">\n\t\t\t\t<div class=\"elementor-widget-container\">\n\t\t\t\t\t\t\t<ul class=\"elementor-icon-list-items\">\n\t\t\t\t\t\t\t<li class=\"elementor-icon-list-item\">\n\t\t\t\t\t\t\t\t\t\t\t<span class=\"elementor-icon-list-icon\">\n\t\t\t\t\t\t\t<i aria-hidden=\"true\" class=\"fas fa-user-circle\"><\/i>\t\t\t\t\t\t<\/span>\n\t\t\t\t\t\t\t\t\t\t<span class=\"elementor-icon-list-text\">Sr\u0111an Stamenkovi\u0107, predsednik<\/span>\n\t\t\t\t\t\t\t\t\t<\/li>\n\t\t\t\t\t\t\t\t<li class=\"elementor-icon-list-item\">\n\t\t\t\t\t\t\t\t\t\t\t<span class=\"elementor-icon-list-icon\">\n\t\t\t\t\t\t\t<i aria-hidden=\"true\" class=\"fas fa-user-circle\"><\/i>\t\t\t\t\t\t<\/span>\n\t\t\t\t\t\t\t\t\t\t<span class=\"elementor-icon-list-text\">Tanja Man\u010di\u0107 - Zdravkovi\u0107 generalni sekretar<\/span>\n\t\t\t\t\t\t\t\t\t<\/li>\n\t\t\t\t\t\t<\/ul>\n\t\t\t\t\t\t<\/div>\n\t\t\t\t<\/div>\n\t\t\t\t<div class=\"elementor-element elementor-element-95996ec elementor-widget elementor-widget-heading\" data-id=\"95996ec\" data-element_type=\"widget\" data-e-type=\"widget\" data-settings=\"{&quot;_animation_mobile&quot;:&quot;none&quot;}\" data-widget_type=\"heading.default\">\n\t\t\t\t<div class=\"elementor-widget-container\">\n\t\t\t\t\t<h3 class=\"elementor-heading-title elementor-size-default\">\u010clanovi Upravnog odbora:\n<\/h3>\t\t\t\t<\/div>\n\t\t\t\t<\/div>\n\t\t\t\t<div class=\"elementor-element elementor-element-c8cf5e2 elementor-icon-list--layout-traditional elementor-list-item-link-full_width elementor-widget elementor-widget-icon-list\" data-id=\"c8cf5e2\" data-element_type=\"widget\" data-e-type=\"widget\" data-widget_type=\"icon-list.default\">\n\t\t\t\t<div class=\"elementor-widget-container\">\n\t\t\t\t\t\t\t<ul class=\"elementor-icon-list-items\">\n\t\t\t\t\t\t\t<li class=\"elementor-icon-list-item\">\n\t\t\t\t\t\t\t\t\t\t\t<span class=\"elementor-icon-list-icon\">\n\t\t\t\t\t\t\t<i aria-hidden=\"true\" class=\"fas fa-user-circle\"><\/i>\t\t\t\t\t\t<\/span>\n\t\t\t\t\t\t\t\t\t\t<span class=\"elementor-icon-list-text\">Slobodan Miti\u0107 \u017du\u0107a - BK \"\u0110urovi\u0107\"<\/span>\n\t\t\t\t\t\t\t\t\t<\/li>\n\t\t\t\t\t\t\t\t<li class=\"elementor-icon-list-item\">\n\t\t\t\t\t\t\t\t\t\t\t<span class=\"elementor-icon-list-icon\">\n\t\t\t\t\t\t\t<i aria-hidden=\"true\" class=\"fas fa-user-circle\"><\/i>\t\t\t\t\t\t<\/span>\n\t\t\t\t\t\t\t\t\t\t<span class=\"elementor-icon-list-text\">Igor Stojanovi\u0107, KK Zdravlje Leskovac<\/span>\n\t\t\t\t\t\t\t\t\t<\/li>\n\t\t\t\t\t\t\t\t<li class=\"elementor-icon-list-item\">\n\t\t\t\t\t\t\t\t\t\t\t<span class=\"elementor-icon-list-icon\">\n\t\t\t\t\t\t\t<i aria-hidden=\"true\" class=\"fas fa-user-circle\"><\/i>\t\t\t\t\t\t<\/span>\n\t\t\t\t\t\t\t\t\t\t<span class=\"elementor-icon-list-text\">Vladan Stojiljkovi\u0107, KK Actavis Akademija<\/span>\n\t\t\t\t\t\t\t\t\t<\/li>\n\t\t\t\t\t\t\t\t<li class=\"elementor-icon-list-item\">\n\t\t\t\t\t\t\t\t\t\t\t<span class=\"elementor-icon-list-icon\">\n\t\t\t\t\t\t\t<i aria-hidden=\"true\" class=\"fas fa-user-circle\"><\/i>\t\t\t\t\t\t<\/span>\n\t\t\t\t\t\t\t\t\t\t<span class=\"elementor-icon-list-text\">Sa\u0161a Miljkovi\u0107, RK Dubo\u010dica 54<\/span>\n\t\t\t\t\t\t\t\t\t<\/li>\n\t\t\t\t\t\t\t\t<li class=\"elementor-icon-list-item\">\n\t\t\t\t\t\t\t\t\t\t\t<span class=\"elementor-icon-list-icon\">\n\t\t\t\t\t\t\t<i aria-hidden=\"true\" class=\"fas fa-user-circle\"><\/i>\t\t\t\t\t\t<\/span>\n\t\t\t\t\t\t\t\t\t\t<span class=\"elementor-icon-list-text\">Jelena Stanovjevi\u0107, Karate klub UNSU<\/span>\n\t\t\t\t\t\t\t\t\t<\/li>\n\t\t\t\t\t\t\t\t<li class=\"elementor-icon-list-item\">\n\t\t\t\t\t\t\t\t\t\t\t<span class=\"elementor-icon-list-icon\">\n\t\t\t\t\t\t\t<i aria-hidden=\"true\" class=\"fas fa-user-circle\"><\/i>\t\t\t\t\t\t<\/span>\n\t\t\t\t\t\t\t\t\t\t<span class=\"elementor-icon-list-text\">Goran Filipovi\u0107, O\u0160 \"Petar Tasi\u0107\"<\/span>\n\t\t\t\t\t\t\t\t\t<\/li>\n\t\t\t\t\t\t\t\t<li class=\"elementor-icon-list-item\">\n\t\t\t\t\t\t\t\t\t\t\t<span class=\"elementor-icon-list-icon\">\n\t\t\t\t\t\t\t<i aria-hidden=\"true\" class=\"fas fa-user-circle\"><\/i>\t\t\t\t\t\t<\/span>\n\t\t\t\t\t\t\t\t\t\t<span class=\"elementor-icon-list-text\">Aleksandar \u0110or\u0111evi\u0107, FK Sloga Leskovac<\/span>\n\t\t\t\t\t\t\t\t\t<\/li>\n\t\t\t\t\t\t\t\t<li class=\"elementor-icon-list-item\">\n\t\t\t\t\t\t\t\t\t\t\t<span class=\"elementor-icon-list-icon\">\n\t\t\t\t\t\t\t<i aria-hidden=\"true\" class=\"fas fa-user-circle\"><\/i>\t\t\t\t\t\t<\/span>\n\t\t\t\t\t\t\t\t\t\t<span class=\"elementor-icon-list-text\">Jelica Dra\u0161kovi\u0107, PSD \"Kukavica\"<\/span>\n\t\t\t\t\t\t\t\t\t<\/li>\n\t\t\t\t\t\t<\/ul>\n\t\t\t\t\t\t<\/div>\n\t\t\t\t<\/div>\n\t\t\t\t\t<\/div>\n\t\t<\/div>\n\t\t\t\t<div class=\"elementor-column elementor-col-33 elementor-top-column elementor-element elementor-element-7d2e6f4\" data-id=\"7d2e6f4\" data-element_type=\"column\" data-e-type=\"column\">\n\t\t\t<div class=\"elementor-widget-wrap elementor-element-populated\">\n\t\t\t\t\t\t<div class=\"elementor-element elementor-element-a8f3c19 elementor-widget elementor-widget-sidebar\" data-id=\"a8f3c19\" data-element_type=\"widget\" data-e-type=\"widget\" data-widget_type=\"sidebar.default\">\n\t\t\t\t<div class=\"elementor-widget-container\">\n\t\t\t\t\t<aside id=\"search-2\" class=\"widget widget_search\"><form action=\"https:\/\/less.org.rs\/\" method=\"get\" class=\"searchform\" role=\"search\">\n\t<div>\n\t\t<label for=\"s\" class=\"screen-reader-text\">Search for:<\/label>\n\t\t<input type=\"search\" id=\"s\" name=\"s\" value=\"\" placeholder=\"Search\">\n\t\t<button class=\"searchsubmit\" type=\"submit\"><i class=\"fa fa-search\"><\/i><span class=\"screen-reader-text\"> Search<\/span><\/button>\n\t<\/div>\n<\/form>\n<\/aside>\n\t\t<aside id=\"recent-posts-2\" class=\"widget widget_recent_entries\">\n\t\t<h3 class=\"widget-title\">Najnovije<\/h3>\n\t\t<ul>\n\t\t\t\t\t\t\t\t\t\t\t<li>\n\t\t\t\t\t<a href=\"https:\/\/less.org.rs\/index.php\/2022\/12\/07\/medunarodni-sahovski-turnir-slepih-u-leskovcu\/\">Me\u0111unarodni \u0161ahovski turnir slepih u Leskovcu<\/a>\n\t\t\t\t\t\t\t\t\t<\/li>\n\t\t\t\t\t\t\t\t\t\t\t<li>\n\t\t\t\t\t<a href=\"https:\/\/less.org.rs\/index.php\/2022\/12\/06\/pk-leskovac-pavle-joic-osvojio-tri-medalje-na-prvenstvu-u-novom-sadu-eleni-petrovic-tri-medalje-iz-skopja\/\">PK Leskovac: Pavle Joi\u0107 osvojio tri medalje na prvenstvu u Novom Sadu, Eleni Petrovi\u0107 tri medalje iz Skopja<\/a>\n\t\t\t\t\t\t\t\t\t<\/li>\n\t\t\t\t\t\t\t\t\t\t\t<li>\n\t\t\t\t\t<a href=\"https:\/\/less.org.rs\/index.php\/2022\/12\/06\/plivaci-dubocice-osvojili-38-medalja-na-drzavnom-prvenstvu\/\">Pliva\u010di Dubo\u010dice osvojili 38 medalja na dr\u017eavnom prvenstvu<\/a>\n\t\t\t\t\t\t\t\t\t<\/li>\n\t\t\t\t\t\t\t\t\t\t\t<li>\n\t\t\t\t\t<a href=\"https:\/\/less.org.rs\/index.php\/2022\/12\/05\/dubocicanadigrala-vojvodinu-odbojkasi-u-sve-boljoj-formi\/\">\u201cDubo\u010dica\u201cnadigrala \u201cVojvodinu\u201c: Odbojka\u0161i u sve boljoj formi<\/a>\n\t\t\t\t\t\t\t\t\t<\/li>\n\t\t\t\t\t\t\t\t\t\t\t<li>\n\t\t\t\t\t<a href=\"https:\/\/less.org.rs\/index.php\/2022\/12\/03\/leskovcanke-se-vratile-u-pobednicki-ritam-maksimalno-protiv-kvalitetnog-beograda\/\">Leskov\u010danke se vratile u pobedni\u010dki ritam: Maksimalno protiv kvalitetnog \u201cBeograda\u201c<\/a>\n\t\t\t\t\t\t\t\t\t<\/li>\n\t\t\t\t\t\t\t\t\t\t\t<li>\n\t\t\t\t\t<a href=\"https:\/\/less.org.rs\/index.php\/2022\/12\/03\/praznik-macevalackog-sporta-u-leskovcu-uz-ucesce-oko-200-takmicara-iz-srbije-i-regiona\/\">Praznik ma\u010devala\u010dkog sporta u Leskovcu, uz u\u010de\u0161\u0107e oko 200 takmi\u010dara iz Srbije i regiona<\/a>\n\t\t\t\t\t\t\t\t\t<\/li>\n\t\t\t\t\t\t\t\t\t\t\t<li>\n\t\t\t\t\t<a href=\"https:\/\/less.org.rs\/index.php\/2022\/12\/02\/leskovacki-kosarkasi-porazeni-posle-vodstva-sa-15-poena-razlike\/\">Leskova\u010dki ko\u0161arka\u0161i pora\u017eeni posle vo\u0111stva sa 15 poena razlike<\/a>\n\t\t\t\t\t\t\t\t\t<\/li>\n\t\t\t\t\t\t\t\t\t\t\t<li>\n\t\t\t\t\t<a href=\"https:\/\/less.org.rs\/index.php\/2022\/12\/01\/kros-rts-veliko-priznanje-zlatno-znamenje-za-gradonacelnika-leskovca\/\">KROS RTS: Veliko priznanje &#8211; Zlatno znamenje za gradona\u010delnika Leskovca<\/a>\n\t\t\t\t\t\t\t\t\t<\/li>\n\t\t\t\t\t\t\t\t\t\t\t<li>\n\t\t\t\t\t<a href=\"https:\/\/less.org.rs\/index.php\/2022\/12\/01\/rok-za-predaju-predloga-za-sportsku-nagradu-leskovca-za-2022-do-ponedeljka-12-decembra\/\">Rok za predaju predloga za SPORTSKU NAGRADU LESKOVCA ZA 2022. do ponedeljka 12. decembra<\/a>\n\t\t\t\t\t\t\t\t\t<\/li>\n\t\t\t\t\t\t\t\t\t\t\t<li>\n\t\t\t\t\t<a href=\"https:\/\/less.org.rs\/index.php\/2022\/11\/30\/odbojkaska-nedelja-za-zaborav-devojke-porazene-od-fenjerasa-momci-doziveli-dva-poraza-u-cetiri-dana\/\">Odbojka\u0161ka nedelja za zaborav: Devojke pora\u017eene od \u201cfenjera\u0161a\u201c, momci do\u017eiveli dva poraza u \u010detiri dana<\/a>\n\t\t\t\t\t\t\t\t\t<\/li>\n\t\t\t\t\t<\/ul>\n\n\t\t<\/aside><aside id=\"media_image-4\" class=\"widget widget_media_image\"><h3 class=\"widget-title\">Grad Leskovac<\/h3><a href=\"http:\/\/gradleskovac.org\/\"><img fetchpriority=\"high\" decoding=\"async\" width=\"300\" height=\"290\" src=\"https:\/\/less.org.rs\/wp-content\/uploads\/2019\/08\/grad-leskovac-300x290.png\" class=\"image wp-image-147  attachment-medium size-medium\" alt=\"\" style=\"max-width: 100%; height: auto;\" srcset=\"https:\/\/less.org.rs\/wp-content\/uploads\/2019\/08\/grad-leskovac-300x290.png 300w, https:\/\/less.org.rs\/wp-content\/uploads\/2019\/08\/grad-leskovac-83x80.png 83w, https:\/\/less.org.rs\/wp-content\/uploads\/2019\/08\/grad-leskovac.png 550w\" sizes=\"(max-width: 300px) 100vw, 300px\" \/><\/a><\/aside><aside id=\"media_image-2\" class=\"widget widget_media_image\"><h3 class=\"widget-title\">Sportski Savez Srbije<\/h3><a href=\"http:\/\/https:\/\/sportskisavezsrbije.rs\/\"><img decoding=\"async\" width=\"300\" height=\"134\" src=\"https:\/\/less.org.rs\/wp-content\/uploads\/2019\/08\/SPORTSKI-SAVEZ-SRBIJE-LOGO-300x134.jpg\" class=\"image wp-image-132  attachment-medium size-medium\" alt=\"\" style=\"max-width: 100%; height: auto;\" srcset=\"https:\/\/less.org.rs\/wp-content\/uploads\/2019\/08\/SPORTSKI-SAVEZ-SRBIJE-LOGO-300x134.jpg 300w, https:\/\/less.org.rs\/wp-content\/uploads\/2019\/08\/SPORTSKI-SAVEZ-SRBIJE-LOGO-180x80.jpg 180w, https:\/\/less.org.rs\/wp-content\/uploads\/2019\/08\/SPORTSKI-SAVEZ-SRBIJE-LOGO-396x178.jpg 396w, https:\/\/less.org.rs\/wp-content\/uploads\/2019\/08\/SPORTSKI-SAVEZ-SRBIJE-LOGO.jpg 400w\" sizes=\"(max-width: 300px) 100vw, 300px\" \/><\/a><\/aside><aside id=\"media_image-3\" class=\"widget widget_media_image\"><h3 class=\"widget-title\">Ministarstvo omladine i sporta<\/h3><a href=\"https:\/\/www.mos.gov.rs\/\"><img decoding=\"async\" width=\"259\" height=\"138\" src=\"https:\/\/less.org.rs\/wp-content\/uploads\/2019\/08\/logo.jpg\" class=\"image wp-image-146  attachment-full size-full\" alt=\"\" style=\"max-width: 100%; height: auto;\" srcset=\"https:\/\/less.org.rs\/wp-content\/uploads\/2019\/08\/logo.jpg 259w, https:\/\/less.org.rs\/wp-content\/uploads\/2019\/08\/logo-150x80.jpg 150w\" sizes=\"(max-width: 259px) 100vw, 259px\" \/><\/a><\/aside><aside id=\"categories-2\" class=\"widget widget_categories\"><h3 class=\"widget-title\">Kategorije<\/h3>\n\t\t\t<ul>\n\t\t\t\t\t<li class=\"cat-item cat-item-1\"><a href=\"https:\/\/less.org.rs\/index.php\/category\/clanovi\/\">\u010clanovi<\/a>\n<\/li>\n\t<li class=\"cat-item cat-item-3\"><a href=\"https:\/\/less.org.rs\/index.php\/category\/vesti\/\">Vesti<\/a>\n<\/li>\n\t\t\t<\/ul>\n\n\t\t\t<\/aside>\t\t\t\t<\/div>\n\t\t\t\t<\/div>\n\t\t\t\t\t<\/div>\n\t\t<\/div>\n\t\t\t\t\t<\/div>\n\t\t<\/section>\n\t\t\t\t<\/div>\n\t\t","protected":false},"excerpt":{"rendered":"<p>Upravni odbor Leskova\u010dkog saveza sportova: Sr\u0111an Stamenkovi\u0107, predsednik Tanja Man\u010di\u0107 &#8211; Zdravkovi\u0107 generalni sekretar \u010clanovi Upravnog odbora: Slobodan Miti\u0107 \u017du\u0107a &#8211; BK &#8220;\u0110urovi\u0107&#8221; Igor Stojanovi\u0107, KK Zdravlje Leskovac Vladan Stojiljkovi\u0107, KK Actavis Akademija Sa\u0161a Miljkovi\u0107, RK Dubo\u010dica 54 Jelena Stanovjevi\u0107, Karate klub UNSU Goran Filipovi\u0107, O\u0160 &#8220;Petar Tasi\u0107&#8221; Aleksandar \u0110or\u0111evi\u0107, FK Sloga Leskovac Jelica Dra\u0161kovi\u0107, [&hellip;]<\/p>\n","protected":false},"author":1,"featured_media":0,"parent":0,"menu_order":0,"comment_status":"closed","ping_status":"closed","template":"templates\/builder-contained.php","meta":{"footnotes":""},"class_list":["post-148","page","type-page","status-publish","hentry"],"_links":{"self":[{"href":"https:\/\/less.org.rs\/index.php\/wp-json\/wp\/v2\/pages\/148","targetHints":{"allow":["GET"]}}],"collection":[{"href":"https:\/\/less.org.rs\/index.php\/wp-json\/wp\/v2\/pages"}],"about":[{"href":"https:\/\/less.org.rs\/index.php\/wp-json\/wp\/v2\/types\/page"}],"author":[{"embeddable":true,"href":"https:\/\/less.org.rs\/index.php\/wp-json\/wp\/v2\/users\/1"}],"replies":[{"embeddable":true,"href":"https:\/\/less.org.rs\/index.php\/wp-json\/wp\/v2\/comments?post=148"}],"version-history":[{"count":10,"href":"https:\/\/less.org.rs\/index.php\/wp-json\/wp\/v2\/pages\/148\/revisions"}],"predecessor-version":[{"id":305,"href":"https:\/\/less.org.rs\/index.php\/wp-json\/wp\/v2\/pages\/148\/revisions\/305"}],"wp:attachment":[{"href":"https:\/\/less.org.rs\/index.php\/wp-json\/wp\/v2\/media?parent=148"}],"curies":[{"name":"wp","href":"https:\/\/api.w.org\/{rel}","templated":true}]}}